 -1 + -a?
-b
In base 8, what is 475 - -5?
502
In base 11, what is -2157 + -4?
-2160
In base 7, what is 302 - -111?
413
In base 16, what is -9 - 2d?
-36
In base 11, what is 85 + -5?
80
In base 8, what is 677 + 4?
703
In base 8, what is 1 + -163?
-162
In base 7, what is 4565 + -1?
4564
In base 13, what is 14 - 10?
4
In base 15, what is -1da + -2?
-1dc
In base 7, what is 5 + -443?
-435
In base 11, what is -62 - -189?
127
In base 8, what is -4 - 147?
-153
In base 10, what is 26 - -113?
139
In base 10, what is 9 - 31?
-22
In base 10, what is -1137 - 1?
-1138
In base 11, what is -1a1 + 16?
-186
In base 4, what is -132203 - -11?
-132132
In base 4, what is -2 + -302122?
-302130
In base 14, what is a4 - -5?
a9
In base 14, what is 1b27 - 3?
1b24
In base 7, what is 323 + 2?
325
In base 2, what is 1 - -111101010?
111101011
In base 11, what is -1155 + 4?
-1151
In base 7, what is -130 - 31?
-161
In base 11, what is 331 - 6?
326
In base 8, what is -6 - 1434?
-1442
In base 5, what is -213 + 34?
-124
In base 12, what is -4 + -2aa?
-2b2
In base 12, what is 164 - -5?
169
In base 4, what is -2211 + 20?
-2131
In base 5, what is 0 - 3212?
-3212
In base 8, what is 105 - 1?
104
In base 14, what is 142 + 0?
142
In base 7, what is -10221 - 10?
-10231
In base 13, what is 1aa + 2?
1ac
In base 4, what is 313 - 1022?
-103
In base 11, what is -1 + 12?
11
In base 10, what is -5 - -638?
633
In base 11, what is -4145 + 5?
-4140
In base 16, what is 16 + -149?
-133
In base 7, what is -32 + 1551?
1516
In base 5, what is 1242 + -1?
1241
In base 7, what is -242 - 3?
-245
In base 16, what is c0 + 0?
c0
In base 11, what is 7 - -14?
20
In base 11, what is 0 + 665?
665
In base 8, what is 14 - -2763?
2777
In base 2, what is -11 + 100010100001?
100010011110
In base 10, what is -2 - -1220?
1218
In base 5, what is 341 - 23?
313
In base 6, what is 114 + -1?
113
In base 8, what is -270 + -4?
-274
In base 14, what is -1 - -4d?
4c
In base 13, what is -1 - 1549?
-154a
In base 15, what is 2c + 1c?
49
In base 2, what is 1101100000 + -100?
1101011100
In base 16, what is -43 - -1b?
-28
In base 11, what is -9956 + 2?
-9954
In base 12, what is 323 + 4?
327
In base 13, what is 3 + 493?
496
In base 13, what is 15 + -3a?
-25
In base 11, what is -11a - 1?
-120
In base 16, what is 5 - 82?
-7d
In base 5, what is 42 - 13?
24
In base 4, what is -1311 - 23?
-2000
In base 16, what is -39 + 4?
-35
In base 7, what is -3 + 4420?
4414
In base 16, what is -c4 + 10?
-b4
In base 2, what is -10 + 110001010?
110001000
In base 7, what is -122 - 2?
-124
In base 6, what is 32 + -131?
-55
In base 5, what is -3 + 43103?
43100
In base 3, what is 1202020 + -12?
1202001
In base 6, what is 4 - 3551?
-3543
In base 3, what is -2110 + 220?
-1120
In base 16, what is -ea + -3?
-ed
In base 5, what is 10233 + 32?
10320
In base 11, what is -10500 + -5?
-10505
In base 12, what is -20 + -2?
-22
In base 11, what is -1 - -38?
37
In base 7, what is 2 + -3551?
-3546
In base 14, what is -203 + 3?
-200
In base 12, what is -103 + 1?
-102
In base 4, what is -20002 + -10?
-20012
In base 10, what is -1781 + -8?
-1789
In base 7, what is -112 - 300?
-412
In base 16, what is -1 + -19?
-1a
In base 7, what is -11102 + -1?
-11103
In base 4, what is -221 - 10?
-231
In base 13, what is 1 - 2?
-1
In base 5, what is 2 + -33?
-31
In base 3, what is 110 - -1111120?
1112000
In base 4, what is 2 - 112?
-110
In base 10, what is 4 - -96?
100
In base 9, what is -3 + 440?
436
In base 7, what is 30 + -23?
4
In base 2, what is 101 + 1011011010?
1011011111
In base 16, what is -b + 186?
17b
In base 16, what is 3a2 - -2?
3a4
In base 8, what is 6544 + 1?
6545
In base 11, what is 13 - -1?
14
In base 9, what is 17 - 2?
15
In base 16, what is 15 - -b?
20
In base 3, what is 1020 + 10202?
11222
In base 13, what is -12a8 + -2?
-12aa
In base 12, what is 140 + -a?
132
In base 3, what is 0 + 101102?
101102
In base 15, what is -4 + -b6d?
-b72
In base 7, what is 4 - 214?
-210
In base 14, what is 2d6 - -1?
2d7
In base 2, what is -10101000 + 1001?
-10011111
In base 10, what is 65 + 80?
145
In base 14, what is -91 - 6a?
-11b
In base 4, what is 3 - 3121?
-3112
In base 13, what is -96 - 6?
-9c
In base 11, what is -27 + 3?
-24
In base 9, what is -2 - 363?
-365
In base 14, what is 3 + 4c?
51
In base 3, what is -1200211 + -21?
-1201002
In base 2, what is -110101 - -1?
-110100
In base 5, what is -103 + 431?
323
In base 2, what is -1000 + 11001010?
11000010
In base 4, what is 3 + 33133?
33202
In base 7, what is 143 - 4?
136
In base 11, what is -1a - -3?
-17
In base 10, what is 23 - 8?
15
In base 5, what is -134 - 0?
-134
In base 13, what is -3 - 16?
-19
In base 7, what is -2052 + 4?
-2045
In base 12, what is -29 - -73?
46
In base 16, what is -3 - 36?
-39
In base 15, what is -470 - 3?
-473
In base 3, what is 0 - -12212?
12212
In base 16, what is -85 - -3?
-82
In base 3, what is -1 - -1221?
1220
In base 6, what is 1 + -3152?
-3151
In base 2, what is 110001100010 + 100?
110001100110
In base 14, what is -5d - -1?
-5c
In base 4, what is 13310 - 2?
13302
In base 10, what is 179 + -2?
177
In base 6, what is -422 + 105?
-313
In base 5, what is -2 + -33?
-40
In base 6, what is -425 - -40?
-345
In base 11, what is 3 + 56?
59
In base 16, what is -2b - -e5?
ba
In base 16, what is 238 + 2?
23a
In base 6, what is -1 + -3201?
-3202
In base 10, what is 2 - 30?
-28
In base 4, what is 10233 + 113?
11012
In base 8, what is 2 - 5671?
-5667
In base 14, what is -1258 + 2?
-1256
In base 4, what is 21211013 + 11?
21211030
In base 7, what is 2 - 21?
-16
In base 11, what is 2 - -8a1?
8a3
In base 8, what is -47 - 213?
-262
In base 10, what is -36 + -115?
-151
In base 6, what is 3 - -1323?
1330
In base 7, what is -1312 + 4?
-1305
In base 11, what is 5 - 531?
-527
In base 4, what is 2002 - 233?
1103
In base 3, what is 11 - -201?
212
In base 6, what is 2400 - 2?
2354
In base 7, what is -41 - 5?
-46
In base 12, what is -97 + b?
-88
In base 6, what is -4 - -34?
30
In base 16, what is 341 + -7?
33a
In base 6, what is -5 - -1402?
1353
In base 16, what is -2 + -48?
-4a
In base 11, what is -7 + -1918?
-1924
In base 3, what is -2110021 - -12?
-2110002
In base 8, what is 2530 - 3?
2525
In base 14, what is -5 - 42?
-47
In base 8, what is 6 + 51?
57
In base 10, what is -2074 - -4?
-2070
In base 9, what is 6703 + 4?
6707
In base 8, what is -21 + 6?
-13
In base 16, what is 205 - 0?
205
In base 15, what is -1 + -dd?
-de
In base 12, what is -6 - 7?
-11
In base 6, what is 55 - 104?
-5
In base 2, what is 11111100 + -101101?
11001111
In base 9, what is 17 + 44?
62
In base 11, what is -7 + 4?
-3
In base 12, what is 1a - -14?
32
In base 3, what is 10102 - 21?
10011
In base 4, what is -12103 - -203?
-11300
In base 2, what is -1001001 + 11?
-1000110
In base 3, what is 100220220 + -12?
100220201
In base 15, what is 6 + -ac?
-a6
In base 13, what is 2 - -537?
539
In base 10, what is -22496 + 3?
-22493
In base 2, what is 11100101010 + 10?
11100101100
In base 14, what is 2a - -3?
2d
In base 15, what is -2c6 + 3?
-2c3
In base 13, what is -2 - -21?
1c
In base 3, what is -11 + -221011?
-221022
In base 3, what is -1000 - 111022?
-112022
In base 4, what is 11321 + 1?
11322
In base 5, what is 332 - 234?
43
In base 5, what is -3 + 10?
2
In base 16, what is c + 4d?
59
In base 4, what is 231 - 10?
221
In base 14, what is 0 + -22?
-22
In base 11, what is 2 + 259?
260
In base 10, what is 0 + -22?
-22
In base 15, what is 9 + -1?
8
In base 13, what is 31c8 + -3?
31c5
In base 7, what is 126 - 113?
13
In base 11, what is -21922 - 1?
-21923
In base 4, what is -321 + 21?
-300
In base 12, what is -1 + 525?
524
In base 4, what is -302 + 220?
-22
In base 9, what is -13 + 12?
-1
In base 13, what is -6 - 48a?
-493
In base 9, what is 2 - -486?
488
In base 4, what is -310 + -2?
-312
In base 5, what is 10 - -1231?
1241
In base 14, what is 2 + 2b2?
2b4
In base 9, what is -341 + 3?
-337
In base 16, what is -6 + 465?
45f
In base 6, what is 30 - -14?
44
In base 5, what is 22 + 131?
203
In base 9, what is -40 - -6?
-33
In base 14, what is 130 - 0?
130
In base 7, what is 3623 - 0?
3623
In base 15, what is 3e1 + 2?
3e3
In base 10, what is 17 - 2?
15
In base 5, what is -1210 + -4?
-1214
In base 5, what is -13 + 241?
223
In base 14, what is 2 + -185?
-183
In base 16, what is